3)/(2/x)?
3
Suppose 0*c - 10 = c - 2*p, -15 = -2*c - 3*p. Suppose m - 4 = -c. What is the units digit of m?
4
Let n be 24/40 - 152/(-5). Let u = 47 - n. What is the tens digit of u?
1
Suppose -49 = -p + 1. What is the units digit of p?
0
Suppose -y = -2*p - 0*y + 50, 5*p + y = 139. Suppose 2*j + j - p = 0. What is the units digit of j?
9
Let z(h) = -16*h + 24. Let n(f) = -f. Let q(b) = 9*b - 5. Let m(i) = -6*n(i) - q(i). Let r(p) = 11*m(p) - 2*z(p). What is the units digit of r(5)?
2
Let i(b) = b - 5. Let s be i(10). Suppose 2*n - 4*f - 88 = -f, -s*n = -4*f - 213. What is the tens digit of n?
4
Let x(y) = -y**3 - 5*y**2 + 4*y + 7. What is the hundreds digit of x(-8)?
1
Suppose -3*w - 2*i = -18 + 3, 2*w - 4*i + 6 = 0. Suppose -12 = -4*h + 3*a, 0 = 5*h - 2*a - 22 + 7. Suppose -h*n = -12 - w. What is the units digit of n?
5
Let s = 365 + -154. What is the tens digit of s?
1
Let o = -142 - -379. What is the hundreds digit of o?
2
Let g = -25 + 13. Let d = -3 - g. What is the units digit of d?
9
Let y(t) = t**2 - 6*t + 3. Suppose 4*i - 12 = -4*v, -33 = -v - 4*v + i. What is the units digit of y(v)?
3
Let k(l) = l**3 - 9*l**2 - l + 6. Let x be k(9). Let b = x - -10. What is the units digit of b?
7
What is the tens digit of (-2 - -1)*-1*(-131)/(-1)?
3
Let z = 29 + -13. Let c = -8 + z. Let q = 6 + c. What is the units digit of q?
4
What is the units digit of 134/2 + (-1)/1?
6
Let l(t) = -t**2 + 7*t + 4. Let f(n) = -n**2 - 12*n. Let k be f(-11). Let d = k - 5. What is the tens digit of l(d)?
1
Suppose -5*v + 4*p = -4*v - 105, 3*v = -2*p + 259. What is the units digit of v?
9
Let u = 6 - 5. What is the units digit of -6*u/(-2)*3?
9
Suppose 46 = 4*r + 3*o - 42, 2*r + 4*o - 44 = 0. Suppose -r = 5*w - 7*w. What is the tens digit of w?
1
Suppose -i = 4*v - 23, 18 = 3*v + 2*i - i. What is the units digit of v?
5
Let k(o) = 2*o**3 - 3*o**2 - 2. What is the units digit of k(4)?
8
Suppose -14 - 35 = -t. What is the tens digit of t?
4
Suppose -17*x + 380 = -15*x. What is the units digit of x?
0
Suppose 2*o = 4*o - 46. Let g = o + 21. What is the units digit of g?
4
Let o(w) = -3*w**3 - w**2 + 3*w. Let h be o(-3). Suppose 2*x - h = -4*z - x, -3*x = -5*z + 99. What is the units digit of 20/(-15)*z/(-4)?
6
Suppose 18 = 5*h - p - 224, -h + 3*p = -40. What is the tens digit of h?
4
Let u = -28 + 32. What is the units digit of u?
4
Let o = -2 - -26. What is the units digit of o?
4
Suppose -10*x = -4*x - 468. What is the tens digit of x?
7
Let u = -45 - -46. What is the units digit of u?
1
Suppose f + 522 = 4*f. What is the tens digit of f?
7
Suppose -114*w = -111*w - 684. What is the hundreds digit of w?
2
What is the units digit of (-4)/(-34) - 39952/(-272)?
7
Suppose 2*o + 18 = 3*l, -2*o - 23 = -2*l + 3*o. What is the units digit of ((-10)/(-6))/(l/12)?
5
Let r be (12 - 17)/((-2)/4). Suppose 6 - 20 = -4*c + l, 3*l - r = -c. What is the units digit of c?
4
Suppose 3*a = 100 + 206. What is the hundreds digit of a?
1
Let w(h) = 7*h + 0 - 1 + h**2 - 12 + 0*h. What is the units digit of w(-9)?
5
Suppose -4*d = -2*n - 24, -3*d - 5*n + 5 = 13. What is the units digit of d?
4
Suppose 2*f = -f + 4*g + 258, -2*f = 5*g - 149. What is the units digit of f?
2
Suppose -4*n + 5*z = -40, -5*z - 46 = -5*n + 9. What is the tens digit of (-18)/5*n/(-3)?
1
Suppose 2*w + 2*w = -2*f + 322, 4*w = -5*f + 307. What is the tens digit of w?
8
Suppose -5*y + 775 = -5*h, 4*h + 146 = y - 0*h. Suppose y = 4*q + 18. What is the units digit of q?
5
What is the tens digit of (-5)/4 - (-1758)/24?
7
Let h = -62 - -99. What is the units digit of h?
7
Let u(k) = -k**2 + 6*k - 3. Let h = -7 + 10. Let f be u(h). Suppose 3*r + l - f = 7, -l = -4*r + 22. What is the units digit of r?
5
Suppose 0 = -w + 2*w - 4. Let k = w + 4. Suppose 3*p = k*p - 60. What is the tens digit of p?
1
Let i(t) = -t**2 + 16*t - 18. Let a be i(14). Let h(y) = -9*y**2 + 3 - 4*y - 1 + a*y**2 - 3*y. What is the tens digit of h(9)?
2
Let o(x) be the first derivative of x**5/120 - x**4/6 - x**3/3 + 1. Let l(c) be the third derivative of o(c). What is the units digit of l(6)?
2
Let z(g) be the first derivative of g**4/4 - g**3/3 - 3*g**2/2 - 2*g + 3. What is the units digit of z(3)?
7
Let g = -103 - -132. What is the units digit of g?
9
Suppose -3 = 2*n - 29. Let s = -7 - n. What is the units digit of (-12)/s + (-2)/(-5)?
1
Suppose -8 = 3*r - 5*n, n = -r - n + 12. Suppose 7*z = 2*z + 15, -r*z = 5*p - 17. What is the units digit of ((-1)/p)/(0 - 1)?
1
Let p(d) = d + 1. Let b(o) = -o**2 + 2*o. Let a(k) = b(k) + 3*p(k). What is the units digit of a(4)?
7
Let m = 2 + -4. Let x be (-33)/(-9) + m/3. Suppose 1 = x*y - 23. What is the units digit of y?
8
Suppose -2*p - 3*p + 540 = 0. Suppose 4*i - p = -0. What is the units digit of i?
7
Let w(g) = g - 2. Let h be w(-2). Let p(m) = 10*m. Let b(t) = -t. Let l(r) = h*p(r) - 44*b(r). What is the units digit of l(2)?
8
Let m(p) = -18*p. Let x be m(-1). Suppose 0 = r + 2*v + 4, -2*r + x = r - 4*v. Let n(k) = 2*k**2 - 2*k - 2. What is the units digit of n(r)?
2
Let s = -60 + 90. What is the tens digit of s?
3
Suppose 2*p + 235 = 7*p. What is the tens digit of p?
4
Let p(d) = 2*d**2 + 4. What is the units digit of p(-5)?
4
Let u(k) = k**2 + 29. Let i be u(0). Suppose -2*d - 6*y = -y - i, -4*d = -3*y - 19. Let q = d - -1. What is the units digit of q?
8
Suppose 4*p = 6*p + 5*l + 23, -p + l - 1 = 0. Let f(j) = -j**2 - 6*j + 5. What is the tens digit of f(p)?
1
Let s be (-4)/14 + 2412/63. Suppose -42 = -4*g + s. What is the units digit of g?
0
Suppose 69 = 2*a - 4*p - 157, 0 = -a - p + 116. What is the units digit of a?
5
Let k be (2/(-3))/((-4)/6). Suppose -o + k = 5. What is the units digit of (0 - o)*2*1?
8
Let c = 495 + -352. What is the hundreds digit of c?
1
Let c be 4/8 + (-10)/(-4). Suppose -c*k = -39 - 24. Let o = -15 + k. What is the units digit of o?
6
Suppose -f - 3*f - 22 = m, -3*f - 2*m - 14 = 0. Let z be (-3)/(-9) + (-22)/f. Suppose 19 = 3*h + z. What is the units digit of h?
5
Let g = 395 - 272. What is the hundreds digit of g?
1
Let j = 2 - -2. Let b(m) = -m**2 + 3*m + 5. What is the units digit of b(j)?
1
What is the units digit of (-1362)/(-18) - (2 + 7/(-3))?
6
Let a(g) = g**3 + 5*g**2 - g + 3. Suppose 0*x - x - 4 = 0. What is the units digit of a(x)?
3
Suppose 5*l = -3*o - 15, -5*l - 15 = -4*o - 0. What is the units digit of (4/l)/(2/(-33))?
2
Suppose -8 = -2*a + 158. What is the units digit of a?
3
Suppose -4*j - 124 = -264. What is the units digit of j?
5
What is the units digit of 417/15 - (2 + (-33)/15)?
8
Let i be (1 + -1)*(3 + -4). Let u be 3 - i/2 - 0. Suppose -2*c + 70 = u*c. What is the units digit of c?
4
What is the units digit of (20 - 19)/(2/358)?
9
What is the tens digit of -1*(-6)/12*334?
6
Suppose 2 = -r + 2*m, -r - 2*m + 8 = -2. Suppose 0 = 4*n, 3*i - 5*n + r*n = -9. Let g(b) = -8*b - 5. What is the tens digit of g(i)?
1
Let x = -4 + 6. Let a(l) = l - x + 7 + 5. What is the units digit of a(-5)?
5
Suppose -3*r - 5*h - 9 = 20, 3*h = 5*r + 3. Suppose 0*k = k - 4. Let o = k + r. What is the units digit of o?
1
Suppose -65 = -4*x + 15. Suppose 3*s - x = -5*u, s + 0*s + 12 = 3*u. Suppose 7 = o - s*o. What is the units digit of o?
7
Suppose 4*h + 8*p - 707 = 3*p, p = -h + 178. Suppose -5*r - 2*x = x - h, -2*r + 75 = 3*x. What is the tens digit of r?
3
Let v(c) = -c - 2. Let a be v(-1). Let q(k) = -15*k + 1 + 4*k + 4*k. What is the units digit of q(a)?
8
Let j = -5 - -3. Let i be 0/((j - -4) + -1). Suppose -b + 2*v + 5 = i, -41 = -5*b - 2*v + 44. What is the tens digit of b?
1
Let d be 2/(-6) + (-38)/(-6). Suppose 3*n - 4*n + d = 0. What is the units digit of n?
6
Let m(j) be the first derivative of -j**4/4 - 2*j**3 - 7*j**2/2 - 4*j - 2. What is the units digit of m(-5)?
6
Let x(p) = p**2 + 1. Let t be x(-3). Let g = -8 + t. What is the units digit of g?
2
Let w = -93 - -196. Let g = -54 + w. What is the tens digit of g?
4
Let y = -29 - -42. Suppose -4*p = -7 - y. What is the units digit of p?
5
Let n(y) = 3*y + 1 - 4*y + 0*y. What is the units digit of n(-4)?
5
What is the units digit of 4/14 + 1320/84?
6
Let o(t) = t**2 + 22*t + 5. What is the tens digit of o(-23)?
2
Let j(o) = -o**2 - 6*o + 6. Let q be j(-5). Suppose 0*d + q = d. What is the tens digit of d?
1
Let b(